[INFO] cloning repository https://github.com/deszip/CoinIO
[INFO] running `Command { std: "git" "-c" "credential.helper=" "-c" "credential.helper=/workspace/cargo-home/bin/git-credential-null" "clone" "--bare" "https://github.com/deszip/CoinIO" "/workspace/cache/git-repos/https%3A%2F%2Fgithub.com%2Fdeszip%2FCoinIO", kill_on_drop: false }`
[INFO] [stderr] Cloning into bare repository '/workspace/cache/git-repos/https%3A%2F%2Fgithub.com%2Fdeszip%2FCoinIO'...
[INFO] running `Command { std: "git" "rev-parse" "HEAD", kill_on_drop: false }`
[INFO] [stdout] e7e19c819129cc25e577e36287ad7bd740a324ec
[INFO] checking deszip/CoinIO against try#72f88fc4e9458f89516a0b8b0868f3718aec5b47 for pr-74989
[INFO] running `Command { std: "git" "clone" "/workspace/cache/git-repos/https%3A%2F%2Fgithub.com%2Fdeszip%2FCoinIO" "/workspace/builds/worker-9/source", kill_on_drop: false }`
[INFO] [stderr] Cloning into '/workspace/builds/worker-9/source'...
[INFO] [stderr] done.
[INFO] validating manifest of git repo https://github.com/deszip/CoinIO on toolchain 72f88fc4e9458f89516a0b8b0868f3718aec5b47
[INFO] running `Command { std: "/workspace/cargo-home/bin/cargo" "+72f88fc4e9458f89516a0b8b0868f3718aec5b47" "read-manifest" "--manifest-path" "Cargo.toml", kill_on_drop: false }`
[INFO] started tweaking git repo https://github.com/deszip/CoinIO
[INFO] finished tweaking git repo https://github.com/deszip/CoinIO
[INFO] tweaked toml for git repo https://github.com/deszip/CoinIO written to /workspace/builds/worker-9/source/Cargo.toml
[INFO] crate git repo https://github.com/deszip/CoinIO already has a lockfile, it will not be regenerated
[INFO] running `Command { std: "/workspace/cargo-home/bin/cargo" "+72f88fc4e9458f89516a0b8b0868f3718aec5b47" "fetch" "--locked" "--manifest-path" "Cargo.toml", kill_on_drop: false }`
[INFO] [stderr] error: the lock file /workspace/builds/worker-9/source/Cargo.lock needs to be updated but --locked was passed to prevent this
[INFO] [stderr] If you want to try to generate the lock file without accessing the network, use the --offline flag.
[INFO] the lockfile is outdated, regenerating it
[INFO] running `Command { std: "/workspace/cargo-home/bin/cargo" "+72f88fc4e9458f89516a0b8b0868f3718aec5b47" "generate-lockfile" "--manifest-path" "Cargo.toml" "-Zno-index-update", kill_on_drop: false }`
[INFO] running `Command { std: "/workspace/cargo-home/bin/cargo" "+72f88fc4e9458f89516a0b8b0868f3718aec5b47" "fetch" "--locked" "--manifest-path" "Cargo.toml", kill_on_drop: false }`
[INFO] [stderr]  Downloading crates ...
[INFO] [stderr]   Downloaded xml-rs v0.2.2
[INFO] running `Command { std: "docker" "create" "-v" "/var/lib/crater-agent-workspace/builds/worker-9/target:/opt/rustwide/target:rw,Z" "-v" "/var/lib/crater-agent-workspace/builds/worker-9/source:/opt/rustwide/workdir:ro,Z" "-v" "/var/lib/crater-agent-workspace/cargo-home:/opt/rustwide/cargo-home:ro,Z" "-v" "/var/lib/crater-agent-workspace/rustup-home:/opt/rustwide/rustup-home:ro,Z" "-e" "SOURCE_DIR=/opt/rustwide/workdir" "-e" "CARGO_TARGET_DIR=/opt/rustwide/target" "-e" "CARGO_HOME=/opt/rustwide/cargo-home" "-e" "RUSTUP_HOME=/opt/rustwide/rustup-home" "-w" "/opt/rustwide/workdir" "-m" "1610612736" "--user" "0:0" "--network" "none" "rustops/crates-build-env@sha256:d92eaeed33fa75130ca1ee6c8a01d1ffb62bac859dfdfb3450e3e5d1c0146529" "/opt/rustwide/cargo-home/bin/cargo" "+72f88fc4e9458f89516a0b8b0868f3718aec5b47" "metadata" "--no-deps" "--format-version=1", kill_on_drop: false }`
[INFO] [stdout] 9a9cdbc786b47a050386e0a3523ba7d987236744ce98102251f4f3b20ac9bf41
[INFO] [stderr] WARNING: Your kernel does not support swap limit capabilities or the cgroup is not mounted. Memory limited without swap.
[INFO] running `Command { std: "docker" "start" "-a" "9a9cdbc786b47a050386e0a3523ba7d987236744ce98102251f4f3b20ac9bf41", kill_on_drop: false }`
[INFO] running `Command { std: "docker" "inspect" "9a9cdbc786b47a050386e0a3523ba7d987236744ce98102251f4f3b20ac9bf41", kill_on_drop: false }`
[INFO] running `Command { std: "docker" "rm" "-f" "9a9cdbc786b47a050386e0a3523ba7d987236744ce98102251f4f3b20ac9bf41", kill_on_drop: false }`
[INFO] [stdout] 9a9cdbc786b47a050386e0a3523ba7d987236744ce98102251f4f3b20ac9bf41
[INFO] running `Command { std: "docker" "create" "-v" "/var/lib/crater-agent-workspace/builds/worker-9/target:/opt/rustwide/target:rw,Z" "-v" "/var/lib/crater-agent-workspace/builds/worker-9/source:/opt/rustwide/workdir:ro,Z" "-v" "/var/lib/crater-agent-workspace/cargo-home:/opt/rustwide/cargo-home:ro,Z" "-v" "/var/lib/crater-agent-workspace/rustup-home:/opt/rustwide/rustup-home:ro,Z" "-e" "SOURCE_DIR=/opt/rustwide/workdir" "-e" "CARGO_TARGET_DIR=/opt/rustwide/target" "-e" "CARGO_INCREMENTAL=0" "-e" "RUST_BACKTRACE=full" "-e" "RUSTFLAGS=--cap-lints=forbid" "-e" "CARGO_HOME=/opt/rustwide/cargo-home" "-e" "RUSTUP_HOME=/opt/rustwide/rustup-home" "-w" "/opt/rustwide/workdir" "-m" "1610612736" "--user" "0:0" "--network" "none" "rustops/crates-build-env@sha256:d92eaeed33fa75130ca1ee6c8a01d1ffb62bac859dfdfb3450e3e5d1c0146529" "/opt/rustwide/cargo-home/bin/cargo" "+72f88fc4e9458f89516a0b8b0868f3718aec5b47" "check" "--frozen" "--all" "--all-targets" "--message-format=json", kill_on_drop: false }`
[INFO] [stdout] c0695fdfcb21a774db123e9acc38eb1b97ae6965e79ed210a8554e72fb45ad87
[INFO] [stderr] WARNING: Your kernel does not support swap limit capabilities or the cgroup is not mounted. Memory limited without swap.
[INFO] running `Command { std: "docker" "start" "-a" "c0695fdfcb21a774db123e9acc38eb1b97ae6965e79ed210a8554e72fb45ad87", kill_on_drop: false }`
[INFO] [stderr]     Blocking waiting for file lock on package cache
[INFO] [stderr]    Compiling proc-macro2 v1.0.21
[INFO] [stderr]    Compiling unicode-xid v0.2.1
[INFO] [stderr]     Checking lazy_static v1.4.0
[INFO] [stderr]     Checking bitflags v0.3.3
[INFO] [stderr]     Checking rustc-serialize v0.3.24
[INFO] [stderr]    Compiling num-traits v0.2.12
[INFO] [stderr]    Compiling num-integer v0.1.43
[INFO] [stderr]    Compiling num-iter v0.1.41
[INFO] [stderr]     Checking getopts v0.2.21
[INFO] [stderr]     Checking xml-rs v0.2.2
[INFO] [stderr]     Checking tracing-core v0.1.16
[INFO] [stderr]     Checking tokio v0.2.22
[INFO] [stderr]     Checking tracing v0.1.19
[INFO] [stderr]    Compiling quote v1.0.7
[INFO] [stderr]    Compiling syn v1.0.40
[INFO] [stderr]     Checking num v0.1.42
[INFO] [stderr]     Checking chrono v0.2.25
[INFO] [stderr]     Checking tokio-util v0.3.1
[INFO] [stderr]    Compiling pin-project-internal v0.4.23
[INFO] [stderr]     Checking pin-project v0.4.23
[INFO] [stderr]     Checking futures-util v0.3.5
[INFO] [stderr]     Checking h2 v0.2.6
[INFO] [stderr]     Checking hyper v0.13.7
[INFO] [stderr]     Checking coin_io v0.0.1 (/opt/rustwide/workdir)
[INFO] [stdout] error[E0432]: unresolved import `self::hyper::Url`
[INFO] [stdout]  --> src/parse.rs:6:5
[INFO] [stdout]   |
[INFO] [stdout] 6 | use self::hyper::Url;
[INFO] [stdout]   |     ^^^^^^^^^^^^^---
[INFO] [stdout]   |     |            |
[INFO] [stdout]   |     |            help: a similar name exists in the module: `Uri`
[INFO] [stdout]   |     no `Url` in the root
[INFO] [stdout] 
[INFO] [stdout] 
[INFO] [stdout] error[E0432]: unresolved import `self::hyper::Url`
[INFO] [stdout]  --> src/parse.rs:6:5
[INFO] [stdout]   |
[INFO] [stdout] 6 | use self::hyper::Url;
[INFO] [stdout]   |     ^^^^^^^^^^^^^---
[INFO] [stdout]   |     |            |
[INFO] [stdout]   |     |            help: a similar name exists in the module: `Uri`
[INFO] [stdout]   |     no `Url` in the root
[INFO] [stdout] 
[INFO] [stdout] 
[INFO] [stdout] error[E0433]: failed to resolve: use of undeclared type or module `Headers`
[INFO] [stdout]    --> src/parse.rs:105:27
[INFO] [stdout]     |
[INFO] [stdout] 105 |         let mut headers = Headers::new();
[INFO] [stdout]     |                           ^^^^^^^ use of undeclared type or module `Headers`
[INFO] [stdout] 
[INFO] [stdout] 
[INFO] [stdout] error[E0412]: cannot find type `Headers` in this scope
[INFO] [stdout]    --> src/parse.rs:104:30
[INFO] [stdout]     |
[INFO] [stdout] 104 |     fn get_headers(&self) -> Headers {
[INFO] [stdout]     |                              ^^^^^^^ not found in this scope
[INFO] [stdout] 
[INFO] [stdout] 
[INFO] [stdout] warning: unused import: `self::hyper::header::*`
[INFO] [stdout]  --> src/parse.rs:7:5
[INFO] [stdout]   |
[INFO] [stdout] 7 | use self::hyper::header::*;
[INFO] [stdout]   |     ^^^^^^^^^^^^^^^^^^^^^^
[INFO] [stdout]   |
[INFO] [stdout]   = note: `#[warn(unused_imports)]` on by default
[INFO] [stdout] 
[INFO] [stdout] 
[INFO] [stdout] error[E0107]: wrong number of type arguments: expected at least 1, found 0
[INFO] [stdout]   --> src/parse.rs:19:13
[INFO] [stdout]    |
[INFO] [stdout] 19 |     client: Client,
[INFO] [stdout]    |             ^^^^^^ expected at least 1 type argument
[INFO] [stdout] 
[INFO] [stdout] 
[INFO] [stdout] error[E0433]: failed to resolve: use of undeclared type or module `Headers`
[INFO] [stdout]    --> src/parse.rs:105:27
[INFO] [stdout]     |
[INFO] [stdout] 105 |         let mut headers = Headers::new();
[INFO] [stdout]     |                           ^^^^^^^ use of undeclared type or module `Headers`
[INFO] [stdout] 
[INFO] [stdout] 
[INFO] [stdout] error: aborting due to 4 previous errors; 1 warning emitted
[INFO] [stdout] 
[INFO] [stdout] 
[INFO] [stdout] Some errors have detailed explanations: E0107, E0412, E0432, E0433.
[INFO] [stdout] 
[INFO] [stdout] For more information about an error, try `rustc --explain E0107`.
[INFO] [stdout] 
[INFO] [stdout] error[E0412]: cannot find type `Headers` in this scope
[INFO] [stdout]    --> src/parse.rs:104:30
[INFO] [stdout]     |
[INFO] [stdout] 104 |     fn get_headers(&self) -> Headers {
[INFO] [stdout]     |                              ^^^^^^^ not found in this scope
[INFO] [stdout] 
[INFO] [stdout] 
[INFO] [stdout] warning: unused import: `self::hyper::header::*`
[INFO] [stdout]  --> src/parse.rs:7:5
[INFO] [stdout]   |
[INFO] [stdout] 7 | use self::hyper::header::*;
[INFO] [stdout]   |     ^^^^^^^^^^^^^^^^^^^^^^
[INFO] [stdout]   |
[INFO] [stdout]   = note: `#[warn(unused_imports)]` on by default
[INFO] [stdout] 
[INFO] [stdout] 
[INFO] [stdout] error[E0107]: wrong number of type arguments: expected at least 1, found 0
[INFO] [stdout]   --> src/parse.rs:19:13
[INFO] [stdout]    |
[INFO] [stdout] 19 |     client: Client,
[INFO] [stdout]    |             ^^^^^^ expected at least 1 type argument
[INFO] [stdout] 
[INFO] [stdout] 
[INFO] [stderr] error: could not compile `coin_io`.
[INFO] [stderr] 
[INFO] [stderr] To learn more, run the command again with --verbose.
[INFO] [stderr] warning: build failed, waiting for other jobs to finish...
[INFO] [stdout] error: aborting due to 4 previous errors; 1 warning emitted
[INFO] [stdout] 
[INFO] [stdout] 
[INFO] [stdout] Some errors have detailed explanations: E0107, E0412, E0432, E0433.
[INFO] [stdout] 
[INFO] [stdout] For more information about an error, try `rustc --explain E0107`.
[INFO] [stdout] 
[INFO] [stderr] error: build failed
[INFO] running `Command { std: "docker" "inspect" "c0695fdfcb21a774db123e9acc38eb1b97ae6965e79ed210a8554e72fb45ad87", kill_on_drop: false }`
[INFO] running `Command { std: "docker" "rm" "-f" "c0695fdfcb21a774db123e9acc38eb1b97ae6965e79ed210a8554e72fb45ad87", kill_on_drop: false }`
[INFO] [stdout] c0695fdfcb21a774db123e9acc38eb1b97ae6965e79ed210a8554e72fb45ad87
